{"id":13,"date":"2023-08-31T09:17:00","date_gmt":"2023-08-31T07:17:00","guid":{"rendered":"https:\/\/www.sbirkygroup.cz\/?page_id=13"},"modified":"2026-01-28T14:35:42","modified_gmt":"2026-01-28T13:35:42","slug":"o-skupine-sbirky-group","status":"publish","type":"page","link":"https:\/\/www.sbirkygroup.cz\/?page_id=13","title":{"rendered":"O Skupin\u011b SB\u00cdRKY GROUP"},"content":{"rendered":"\n<p>V\u00edtejte na webov\u00e9 prezentaci skupiny sb\u011bratel\u016f dom\u00e1c\u00edch elektrospot\u0159ebi\u010d\u016f SB\u00cdRKY GROUP, kter\u00e1 zast\u0159e\u0161uje tyto sb\u011bratele a ve\u0161ker\u00e9 informace t\u00fdkaj\u00edc\u00ed se t\u011bchto sb\u011bratelsk\u00fdch p\u0159edm\u011bt\u016f.<\/p>\n\n\n\n<div class=\"wp-block-columns is-layout-flex wp-container-core-columns-is-layout-28f84493 wp-block-columns-is-layout-flex\">\n<div class=\"wp-block-column is-layout-flow wp-block-column-is-layout-flow\" style=\"flex-basis:66.66%\">\n<p>Na\u0161\u00edm c\u00edlem je sdru\u017eovat sb\u011bratel\u00e9 na jednom m\u00edst\u011b a roz\u0161i\u0159ovat tak pov\u011bdom\u00ed o na\u0161ich sb\u00edrk\u00e1ch.<\/p>\n\n\n\n<p>Informace, materi\u00e1ly, zku\u0161enosti, v\u0161e na jednom m\u00edst\u011b. Poj\u010fme spole\u010dn\u011b na tom pracovat.<\/p>\n\n\n\n<hr class=\"wp-block-separator has-alpha-channel-opacity\"\/>\n\n\n\n<p>Ka\u017ed\u00fd sb\u011bratel si vede sb\u00edrku dle sv\u00e9ho uv\u00e1\u017een\u00ed a proto je ka\u017ed\u00e1 sb\u00edrka jedine\u010dn\u00e1 a ned\u00e1 se srovn\u00e1vat s ostatn\u00edmi sb\u00edrkami. N\u011bkdo sb\u00edr\u00e1 jen vysava\u010de, n\u011bkdo sb\u00edr\u00e1 cel\u00fd sortiment elektrospot\u0159ebi\u010d\u016f, n\u011bkdo sb\u00edr\u00e1 jen jednu zna\u010dku, n\u011bkdo sb\u00edr\u00e1 v\u00edce zna\u010dek.<\/p>\n\n\n\n<p>To co n\u00e1s spojuje je v\u00e1\u0161e\u0148 a zap\u00e1lenost pro na\u0161i sb\u011bratelskou \u010dinnost. Neboj\u00edme se toho a jdeme do toho naplno.<\/p>\n\n\n\n<hr class=\"wp-block-separator has-alpha-channel-opacity\"\/>\n\n\n\n<p>C\u00edlem skupiny Sb\u00edrky GROUP je soust\u0159e\u010fovat sb\u011bratel\u00e9, materi\u00e1ly, informace a sb\u011bratelsk\u00e9 p\u0159edm\u011bty na jednom (online) prostoru.<\/p>\n\n\n\n<hr class=\"wp-block-separator has-alpha-channel-opacity\"\/>\n\n\n\n<p>Pro online prezentaci sv\u00e9 sb\u00edrky jsou ur\u010deny str\u00e1nky sp\u0159\u00e1telen\u00e9ho webu, kde lze svoji sb\u00edrku n\u00e1le\u017eit\u00fdm zp\u016fsobem odprezentovat a pustit tak do sv\u011bta a pov\u011bdom\u00ed ostatn\u00edch lid\u00ed. M\u00e1\u0161-li z\u00e1jem tak n\u00e1s kontaktuj.<\/p>\n\n\n\n<hr class=\"wp-block-separator has-alpha-channel-opacity\"\/>\n<\/div>\n\n\n\n<div class=\"wp-block-column is-layout-flow wp-block-column-is-layout-flow\" style=\"flex-basis:33.33%\">\n<figure class=\"wp-block-gallery has-nested-images columns-default is-cropped wp-block-gallery-1 is-layout-flex wp-block-gallery-is-layout-flex\">\n<figure data-wp-context=\"{&quot;imageId&quot;:&quot;69fb0c9678323&quot;}\" data-wp-interactive=\"core\/image\" data-wp-key=\"69fb0c9678323\" class=\"wp-block-image size-large wp-lightbox-container\"><img loading=\"lazy\" decoding=\"async\" width=\"1024\" height=\"1024\" data-wp-class--hide=\"state.isContentHidden\" data-wp-class--show=\"state.isContentVisible\" data-wp-init=\"callbacks.setButtonStyles\" data-wp-on--click=\"actions.showLightbox\" data-wp-on--load=\"callbacks.setButtonStyles\" data-wp-on-window--resize=\"callbacks.setButtonStyles\" data-id=\"302\" src=\"https:\/\/www.sbirkygroup.cz\/wp-content\/uploads\/2026\/01\/20230906_210236-COLLAGE-1024x1024.jpg\" alt=\"\" class=\"wp-image-302\" srcset=\"https:\/\/www.sbirkygroup.cz\/wp-content\/uploads\/2026\/01\/20230906_210236-COLLAGE-1024x1024.jpg 1024w, https:\/\/www.sbirkygroup.cz\/wp-content\/uploads\/2026\/01\/20230906_210236-COLLAGE-300x300.jpg 300w, https:\/\/www.sbirkygroup.cz\/wp-content\/uploads\/2026\/01\/20230906_210236-COLLAGE-150x150.jpg 150w, https:\/\/www.sbirkygroup.cz\/wp-content\/uploads\/2026\/01\/20230906_210236-COLLAGE-768x768.jpg 768w, https:\/\/www.sbirkygroup.cz\/wp-content\/uploads\/2026\/01\/20230906_210236-COLLAGE.jpg 1200w\" sizes=\"auto, (max-width: 1024px) 100vw, 1024px\" \/><button\n\t\t\tclass=\"lightbox-trigger\"\n\t\t\ttype=\"button\"\n\t\t\taria-haspopup=\"dialog\"\n\t\t\taria-label=\"Zv\u011bt\u0161it\"\n\t\t\tdata-wp-init=\"callbacks.initTriggerButton\"\n\t\t\tdata-wp-on--click=\"actions.showLightbox\"\n\t\t\tdata-wp-style--right=\"state.imageButtonRight\"\n\t\t\tdata-wp-style--top=\"state.imageButtonTop\"\n\t\t>\n\t\t\t<svg xmlns=\"http:\/\/www.w3.org\/2000\/svg\" width=\"12\" height=\"12\" fill=\"none\" viewBox=\"0 0 12 12\">\n\t\t\t\t<path fill=\"#fff\" d=\"M2 0a2 2 0 0 0-2 2v2h1.5V2a.5.5 0 0 1 .5-.5h2V0H2Zm2 10.5H2a.5.5 0 0 1-.5-.5V8H0v2a2 2 0 0 0 2 2h2v-1.5ZM8 12v-1.5h2a.5.5 0 0 0 .5-.5V8H12v2a2 2 0 0 1-2 2H8Zm2-12a2 2 0 0 1 2 2v2h-1.5V2a.5.5 0 0 0-.5-.5H8V0h2Z\" \/>\n\t\t\t<\/svg>\n\t\t<\/button><\/figure>\n<\/figure>\n\n\n\n<figure class=\"wp-block-gallery has-nested-images columns-default is-cropped wp-block-gallery-2 is-layout-flex wp-block-gallery-is-layout-flex\">\n<figure data-wp-context=\"{&quot;imageId&quot;:&quot;69fb0c9679a91&quot;}\" data-wp-interactive=\"core\/image\" data-wp-key=\"69fb0c9679a91\" class=\"wp-block-image size-large wp-lightbox-container\"><img loading=\"lazy\" decoding=\"async\" width=\"1024\" height=\"1024\" data-wp-class--hide=\"state.isContentHidden\" data-wp-class--show=\"state.isContentVisible\" data-wp-init=\"callbacks.setButtonStyles\" data-wp-on--click=\"actions.showLightbox\" data-wp-on--load=\"callbacks.setButtonStyles\" data-wp-on-window--resize=\"callbacks.setButtonStyles\" data-id=\"177\" src=\"https:\/\/www.sbirkygroup.cz\/wp-content\/uploads\/2023\/09\/IMG_20230325_104043-COLLAGE-1024x1024.jpg\" alt=\"\" class=\"wp-image-177\" srcset=\"https:\/\/www.sbirkygroup.cz\/wp-content\/uploads\/2023\/09\/IMG_20230325_104043-COLLAGE-1024x1024.jpg 1024w, https:\/\/www.sbirkygroup.cz\/wp-content\/uploads\/2023\/09\/IMG_20230325_104043-COLLAGE-300x300.jpg 300w, https:\/\/www.sbirkygroup.cz\/wp-content\/uploads\/2023\/09\/IMG_20230325_104043-COLLAGE-150x150.jpg 150w, https:\/\/www.sbirkygroup.cz\/wp-content\/uploads\/2023\/09\/IMG_20230325_104043-COLLAGE-768x768.jpg 768w, https:\/\/www.sbirkygroup.cz\/wp-content\/uploads\/2023\/09\/IMG_20230325_104043-COLLAGE.jpg 1200w\" sizes=\"auto, (max-width: 1024px) 100vw, 1024px\" \/><button\n\t\t\tclass=\"lightbox-trigger\"\n\t\t\ttype=\"button\"\n\t\t\taria-haspopup=\"dialog\"\n\t\t\taria-label=\"Zv\u011bt\u0161it\"\n\t\t\tdata-wp-init=\"callbacks.initTriggerButton\"\n\t\t\tdata-wp-on--click=\"actions.showLightbox\"\n\t\t\tdata-wp-style--right=\"state.imageButtonRight\"\n\t\t\tdata-wp-style--top=\"state.imageButtonTop\"\n\t\t>\n\t\t\t<svg xmlns=\"http:\/\/www.w3.org\/2000\/svg\" width=\"12\" height=\"12\" fill=\"none\" viewBox=\"0 0 12 12\">\n\t\t\t\t<path fill=\"#fff\" d=\"M2 0a2 2 0 0 0-2 2v2h1.5V2a.5.5 0 0 1 .5-.5h2V0H2Zm2 10.5H2a.5.5 0 0 1-.5-.5V8H0v2a2 2 0 0 0 2 2h2v-1.5ZM8 12v-1.5h2a.5.5 0 0 0 .5-.5V8H12v2a2 2 0 0 1-2 2H8Zm2-12a2 2 0 0 1 2 2v2h-1.5V2a.5.5 0 0 0-.5-.5H8V0h2Z\" \/>\n\t\t\t<\/svg>\n\t\t<\/button><\/figure>\n<\/figure>\n\n\n\n<figure class=\"wp-block-gallery has-nested-images columns-default is-cropped wp-block-gallery-3 is-layout-flex wp-block-gallery-is-layout-flex\">\n<figure data-wp-context=\"{&quot;imageId&quot;:&quot;69fb0c967aa03&quot;}\" data-wp-interactive=\"core\/image\" data-wp-key=\"69fb0c967aa03\" class=\"wp-block-image size-large wp-lightbox-container\"><img loading=\"lazy\" decoding=\"async\" width=\"1024\" height=\"1024\" data-wp-class--hide=\"state.isContentHidden\" data-wp-class--show=\"state.isContentVisible\" data-wp-init=\"callbacks.setButtonStyles\" data-wp-on--click=\"actions.showLightbox\" data-wp-on--load=\"callbacks.setButtonStyles\" data-wp-on-window--resize=\"callbacks.setButtonStyles\" data-id=\"299\" src=\"https:\/\/www.sbirkygroup.cz\/wp-content\/uploads\/2026\/01\/20250407_144226-COLLAGE-1024x1024.jpg\" alt=\"\" class=\"wp-image-299\" srcset=\"https:\/\/www.sbirkygroup.cz\/wp-content\/uploads\/2026\/01\/20250407_144226-COLLAGE-1024x1024.jpg 1024w, https:\/\/www.sbirkygroup.cz\/wp-content\/uploads\/2026\/01\/20250407_144226-COLLAGE-300x300.jpg 300w, https:\/\/www.sbirkygroup.cz\/wp-content\/uploads\/2026\/01\/20250407_144226-COLLAGE-150x150.jpg 150w, https:\/\/www.sbirkygroup.cz\/wp-content\/uploads\/2026\/01\/20250407_144226-COLLAGE-768x768.jpg 768w, https:\/\/www.sbirkygroup.cz\/wp-content\/uploads\/2026\/01\/20250407_144226-COLLAGE.jpg 1200w\" sizes=\"auto, (max-width: 1024px) 100vw, 1024px\" \/><button\n\t\t\tclass=\"lightbox-trigger\"\n\t\t\ttype=\"button\"\n\t\t\taria-haspopup=\"dialog\"\n\t\t\taria-label=\"Zv\u011bt\u0161it\"\n\t\t\tdata-wp-init=\"callbacks.initTriggerButton\"\n\t\t\tdata-wp-on--click=\"actions.showLightbox\"\n\t\t\tdata-wp-style--right=\"state.imageButtonRight\"\n\t\t\tdata-wp-style--top=\"state.imageButtonTop\"\n\t\t>\n\t\t\t<svg xmlns=\"http:\/\/www.w3.org\/2000\/svg\" width=\"12\" height=\"12\" fill=\"none\" viewBox=\"0 0 12 12\">\n\t\t\t\t<path fill=\"#fff\" d=\"M2 0a2 2 0 0 0-2 2v2h1.5V2a.5.5 0 0 1 .5-.5h2V0H2Zm2 10.5H2a.5.5 0 0 1-.5-.5V8H0v2a2 2 0 0 0 2 2h2v-1.5ZM8 12v-1.5h2a.5.5 0 0 0 .5-.5V8H12v2a2 2 0 0 1-2 2H8Zm2-12a2 2 0 0 1 2 2v2h-1.5V2a.5.5 0 0 0-.5-.5H8V0h2Z\" \/>\n\t\t\t<\/svg>\n\t\t<\/button><\/figure>\n<\/figure>\n<\/div>\n<\/div>\n<div class=\"pvc_clear\"><\/div><p id=\"pvc_stats_13\" class=\"pvc_stats all  \" data-element-id=\"13\" style=\"\"><i class=\"pvc-stats-icon medium\" aria-hidden=\"true\"><svg aria-hidden=\"true\" focusable=\"false\" data-prefix=\"far\" data-icon=\"chart-bar\" role=\"img\" xmlns=\"http:\/\/www.w3.org\/2000\/svg\" viewBox=\"0 0 512 512\" class=\"svg-inline--fa fa-chart-bar fa-w-16 fa-2x\"><path fill=\"currentColor\" d=\"M396.8 352h22.4c6.4 0 12.8-6.4 12.8-12.8V108.8c0-6.4-6.4-12.8-12.8-12.8h-22.4c-6.4 0-12.8 6.4-12.8 12.8v230.4c0 6.4 6.4 12.8 12.8 12.8zm-192 0h22.4c6.4 0 12.8-6.4 12.8-12.8V140.8c0-6.4-6.4-12.8-12.8-12.8h-22.4c-6.4 0-12.8 6.4-12.8 12.8v198.4c0 6.4 6.4 12.8 12.8 12.8zm96 0h22.4c6.4 0 12.8-6.4 12.8-12.8V204.8c0-6.4-6.4-12.8-12.8-12.8h-22.4c-6.4 0-12.8 6.4-12.8 12.8v134.4c0 6.4 6.4 12.8 12.8 12.8zM496 400H48V80c0-8.84-7.16-16-16-16H16C7.16 64 0 71.16 0 80v336c0 17.67 14.33 32 32 32h464c8.84 0 16-7.16 16-16v-16c0-8.84-7.16-16-16-16zm-387.2-48h22.4c6.4 0 12.8-6.4 12.8-12.8v-70.4c0-6.4-6.4-12.8-12.8-12.8h-22.4c-6.4 0-12.8 6.4-12.8 12.8v70.4c0 6.4 6.4 12.8 12.8 12.8z\" class=\"\"><\/path><\/svg><\/i> <img loading=\"lazy\" decoding=\"async\" width=\"16\" height=\"16\" alt=\"Loading\" src=\"https:\/\/www.sbirkygroup.cz\/wp-content\/plugins\/page-views-count\/ajax-loader-2x.gif\" border=0 \/><\/p><div class=\"pvc_clear\"><\/div>","protected":false},"excerpt":{"rendered":"<p>V\u00edtejte na webov\u00e9 prezentaci skupiny sb\u011bratel\u016f dom\u00e1c\u00edch elektrospot\u0159ebi\u010d\u016f SB\u00cdRKY GROUP, kter\u00e1 zast\u0159e\u0161uje tyto sb\u011bratele a ve\u0161ker\u00e9 informace t\u00fdkaj\u00edc\u00ed se t\u011bchto sb\u011bratelsk\u00fdch p\u0159edm\u011bt\u016f. Na\u0161\u00edm c\u00edlem je sdru\u017eovat sb\u011bratel\u00e9 na jednom m\u00edst\u011b a roz\u0161i\u0159ovat tak pov\u011bdom\u00ed o na\u0161ich sb\u00edrk\u00e1ch. Informace, materi\u00e1ly, zku\u0161enosti, v\u0161e na jednom m\u00edst\u011b. Poj\u010fme spole\u010dn\u011b na tom pracovat. Ka\u017ed\u00fd sb\u011bratel si vede sb\u00edrku dle [&hellip;]<\/p>\n<div class=\"pvc_clear\"><\/div>\n<p id=\"pvc_stats_13\" class=\"pvc_stats all  \" data-element-id=\"13\" style=\"\"><i class=\"pvc-stats-icon medium\" aria-hidden=\"true\"><svg aria-hidden=\"true\" focusable=\"false\" data-prefix=\"far\" data-icon=\"chart-bar\" role=\"img\" xmlns=\"http:\/\/www.w3.org\/2000\/svg\" viewBox=\"0 0 512 512\" class=\"svg-inline--fa fa-chart-bar fa-w-16 fa-2x\"><path fill=\"currentColor\" d=\"M396.8 352h22.4c6.4 0 12.8-6.4 12.8-12.8V108.8c0-6.4-6.4-12.8-12.8-12.8h-22.4c-6.4 0-12.8 6.4-12.8 12.8v230.4c0 6.4 6.4 12.8 12.8 12.8zm-192 0h22.4c6.4 0 12.8-6.4 12.8-12.8V140.8c0-6.4-6.4-12.8-12.8-12.8h-22.4c-6.4 0-12.8 6.4-12.8 12.8v198.4c0 6.4 6.4 12.8 12.8 12.8zm96 0h22.4c6.4 0 12.8-6.4 12.8-12.8V204.8c0-6.4-6.4-12.8-12.8-12.8h-22.4c-6.4 0-12.8 6.4-12.8 12.8v134.4c0 6.4 6.4 12.8 12.8 12.8zM496 400H48V80c0-8.84-7.16-16-16-16H16C7.16 64 0 71.16 0 80v336c0 17.67 14.33 32 32 32h464c8.84 0 16-7.16 16-16v-16c0-8.84-7.16-16-16-16zm-387.2-48h22.4c6.4 0 12.8-6.4 12.8-12.8v-70.4c0-6.4-6.4-12.8-12.8-12.8h-22.4c-6.4 0-12.8 6.4-12.8 12.8v70.4c0 6.4 6.4 12.8 12.8 12.8z\" class=\"\"><\/path><\/svg><\/i> <img loading=\"lazy\" decoding=\"async\" width=\"16\" height=\"16\" alt=\"Loading\" src=\"https:\/\/www.sbirkygroup.cz\/wp-content\/plugins\/page-views-count\/ajax-loader-2x.gif\" border=0 \/><\/p>\n<div class=\"pvc_clear\"><\/div>\n","protected":false},"author":1,"featured_media":0,"parent":0,"menu_order":0,"comment_status":"closed","ping_status":"closed","template":"","meta":{"footnotes":""},"class_list":["post-13","page","type-page","status-publish","hentry"],"a3_pvc":{"activated":true,"total_views":183,"today_views":0},"_links":{"self":[{"href":"https:\/\/www.sbirkygroup.cz\/index.php?rest_route=\/wp\/v2\/pages\/13","targetHints":{"allow":["GET"]}}],"collection":[{"href":"https:\/\/www.sbirkygroup.cz\/index.php?rest_route=\/wp\/v2\/pages"}],"about":[{"href":"https:\/\/www.sbirkygroup.cz\/index.php?rest_route=\/wp\/v2\/types\/page"}],"author":[{"embeddable":true,"href":"https:\/\/www.sbirkygroup.cz\/index.php?rest_route=\/wp\/v2\/users\/1"}],"replies":[{"embeddable":true,"href":"https:\/\/www.sbirkygroup.cz\/index.php?rest_route=%2Fwp%2Fv2%2Fcomments&post=13"}],"version-history":[{"count":24,"href":"https:\/\/www.sbirkygroup.cz\/index.php?rest_route=\/wp\/v2\/pages\/13\/revisions"}],"predecessor-version":[{"id":303,"href":"https:\/\/www.sbirkygroup.cz\/index.php?rest_route=\/wp\/v2\/pages\/13\/revisions\/303"}],"wp:attachment":[{"href":"https:\/\/www.sbirkygroup.cz\/index.php?rest_route=%2Fwp%2Fv2%2Fmedia&parent=13"}],"curies":[{"name":"wp","href":"https:\/\/api.w.org\/{rel}","templated":true}]}}